{"id":2,"date":"2019-12-30T10:33:46","date_gmt":"2019-12-30T10:33:46","guid":{"rendered":"https:\/\/www.kadirozdemir.de\/?page_id=2"},"modified":"2023-05-07T13:57:20","modified_gmt":"2023-05-07T13:57:20","slug":"sample-page","status":"publish","type":"page","link":"https:\/\/www.kadirozdemir.de\/index.php\/sample-page\/","title":{"rendered":"Angebote als Politischer Bildner"},"content":{"rendered":"\n<p>Deutschland ist ein Einwanderungsland und das nicht erst seit 1945. Der Anerkennung dieser Wirklichkeit seitens der Politik m\u00fcssen nun Ma\u00dfnahmen zur Gleichstellung von B\u00fcrger*innen unabh\u00e4ngig von Herkunft, Religion, Hautfarbe und sexueller Orientierung folgen. Das Zusammenleben von Menschen mit und ohne Migrationserbe braucht einen Rahmen, um \u00fcber Unterschiede und Gemeinsamkeiten in Dialog zu kommen. Leider werden Debatten oft von einer emotionalen Polarisierung vereinnahmt und ein echter Dialog wird untergraben. Soziale Medien verst\u00e4rken dieses Ph\u00e4nomen zus\u00e4tzlich durch sogenannte eigene Bubbles, die wie unsichtbare W\u00e4nde wirken. So verliert sich der Blick auf Mehrfachzugeh\u00f6rigkeiten und die besonderen Bedarfe, die sich aus Schnittmengen ergeben. Als Seminarleiter, Redner und Theatermacher stehe ich f\u00fcr verschiedene politische und kreative Veranstaltungsformate in den Feldern Antirassismus, LGBTQ*, Jugend- und Migrationsarbeit sowie in deren Verschr\u00e4nkungen zur Verf\u00fcgung. Au\u00dferdem biete ich transkulturelle Trainings und Supervision an. Bei Interesse melden Sie sich unter kontakt@kadirozdemir.de.<br>M\u00f6gliche Themen k\u00f6nnen Sie meinen Referenzen entnehmen:<\/p>\n\n\n\n<p><strong>WORKSHOPS<\/strong><\/p>\n\n\n\n<ul class=\"wp-block-list\">\n<li> <em>Aufnahmepolitiken von LSBTIQ* Gefl\u00fcchteten in Deutschland<\/em>  f\u00fcr den Bundesintegrationskongress der Friedrich-Ebert-Stiftung <\/li>\n\n\n\n<li> <em>Gleich und doch anders? Mehrfachzugeh\u00f6rigkeiten und Mehrfachdiskriminierungen von Gefl\u00fcchteten und MigrantInnen<\/em> f\u00fcr den Landespr\u00e4ventionsrat Niedersachsen <\/li>\n\n\n\n<li><em>Queer Refugees \u2013 LSBTIQ*-Aspekte in der Jugendarbeit mit jungen Gefl\u00fcchteten<\/em> f\u00fcr den Landesjugendring Niedersachsen<\/li>\n\n\n\n<li><em>Awareness-Workshop zum Umgang mit Grenz\u00fcberschreitungen<\/em> f\u00fcr den evangelischen Stadtjugenddienst Hannover<\/li>\n\n\n\n<li><em>Racism and double discrimination. Exploring intersections among racism and homophobia&#8220;<\/em> Experts Workshop im Rahmen der EuroGames 2019 in Rom<\/li>\n<\/ul>\n\n\n\n<p><\/p>\n\n\n\n<p>  <strong>PODIUMSDISKUSSIONEN<\/strong> <\/p>\n\n\n\n<ul class=\"wp-block-list\">\n<li><em>Under The European Asylum Rainbow -Intercetional Queer Challenges<\/em>, an der Goethe Universit\u00e4t Framkfurt am Main<\/li>\n\n\n\n<li><em>Wir sind Viele und bleiben Viele<\/em> &#8211; Fachtag des Bundesverbandes Netzwerke von Migrantenorganisationen<\/li>\n\n\n\n<li><em>Wirklich angekommen!?<\/em> Podiumsdiskussion zu (post-)migrantischen Perspektiven f\u00fcr das MiSO-Netzwerk<\/li>\n\n\n\n<li><em>LSBT*IQ-Identit\u00e4ten \u2013 Herausforderungen f\u00fcr die Jugendarbeit zwischen Stabilit\u00e4t und Wandel<\/em> f\u00fcr die Queere Jugendarbeit &#8211; Landesfachstelle Hessen<\/li>\n\n\n\n<li><em>Antirassistische und LSBTI-sensible Arbeit mit jungen Gefl\u00fcchteten<\/em> f\u00fcr das Informations- und Dokumentationszentrum f\u00fcr Antirassismusarbeit in NRW.  <\/li>\n<\/ul>\n\n\n\n<p><\/p>\n\n\n\n<p>  <strong>VORTR\u00c4GE<\/strong><\/p>\n\n\n\n<ul class=\"wp-block-list\">\n<li>Keynote <em>LGBTIQ* issues in the context of migration and refugees<\/em> f\u00fcr die internationale Konferenz ELAINE 2, Migration &amp; Gender in Catoira, Spanien<\/li>\n\n\n\n<li><em>Lebenswirklichkeit von LSBTTIQ* mit Einwanderungsgeschichte<\/em> f\u00fcr die Alevitische Gemeinde Deutschland<\/li>\n\n\n\n<li><em>Antimuslimischer Rassismus &#8211; Folgen und Gegenstrategien<\/em> f\u00fcr den Landespr\u00e4ventionsrat Niedersachsen.<\/li>\n<\/ul>\n\n\n\n<p>  <strong>UNIVERSIT\u00c4RE LEHRAUFTR\u00c4GE UND VORLESUNGEN<\/strong><\/p>\n\n\n\n<ul class=\"wp-block-list\">\n<li><em>Grundlagen der Soziologie<\/em> im Auftrag des Niedersachsen Kollegs<\/li>\n\n\n\n<li><em>Sexuelle Orientierung und geschlechtliche Vielfalt in der Arbeitswelt und Gesellschaft<\/em> im Auftrag der ZESS, Uni G\u00f6ttingen<\/li>\n\n\n\n<li><em>Von Integration zu Partizipation: theoretische Grundlegung<\/em> f\u00fcr die Evangelische Hochschule Darmstadt<\/li>\n<\/ul>\n\n\n\n<p>  <strong>FORTBILDUNGEN<\/strong> <\/p>\n\n\n\n<ul class=\"wp-block-list\">\n<li><em>Gewaltschutz in den Fl\u00fcchtlingsunterk\u00fcnften<\/em> f\u00fcr Mitarbeitende der Landesaufnahmebeh\u00f6rden in Niedersachsen<\/li>\n\n\n\n<li><em>Argumentationstraining gegen Rechtspopulismus<\/em> f\u00fcr das MiSO-Netzwerk<\/li>\n\n\n\n<li><em>Einfluss von Social Media auf das Selbstbild von Jugendlichen<\/em> f\u00fcr das Jugendzentrum Elisenstra\u00dfe in Hannover<\/li>\n\n\n\n<li><em>Wie konzipiere ich eine Beh\u00f6rdenfortbildung?<\/em> in Kooperation mit der Bundesstiftung Magnus Hirschfeld<\/li>\n<\/ul>\n\n\n\n<p>  <strong>BERATUNG UND SENSIBILISIERUNG <\/strong><\/p>\n\n\n\n<ul class=\"wp-block-list\">\n<li><em>Trans* im Kontext von Flucht<\/em> f\u00fcr die Landesaufnahmebeh\u00f6rden in Niedersachsen  <\/li>\n\n\n\n<li><em>Fragen und Bedarfe von Eltern und Angeh\u00f6rigen von LSBTIQ* mit Migrationserbe<\/em> und <em>Jugendliche mit Rassismuserfahrungen empowern<\/em> f\u00fcr die T\u00fcrkische Gemeinde Niedersachsen<\/li>\n\n\n\n<li><em>Rassismus- und machtkritische Arbeit in der Migrationsgesellschaft<\/em> f\u00fcr das B\u00fcro f\u00fcr Integration,Stadt G\u00f6ttingen<\/li>\n<\/ul>\n\n\n\n<p>  <strong>KREATIVES SCHREIBEN <\/strong><\/p>\n\n\n\n<ul class=\"wp-block-list\">\n<li>Mehrt\u00e4tige Creative Writing Workshop f\u00fcr die Landesvereinigung Kulturelle Bildung e.V. in Berlin<\/li>\n\n\n\n<li>Empowerment Schreibwerkstatt f\u00fcr queere Jugendliche of Color, Jugendbildungs- und Beratungseinrichtung Sunrise Dortmund<\/li>\n\n\n\n<li>Klimagerechtigkeit aus BIPoC Perspektive, BIPoC Climate Conferenz \/ Kultur ohne Kohle Festival <\/li>\n\n\n\n<li>Mehrgenerationales biographisches Schreiben f\u00fcr Onkel Emma, dem Queeren Zentrum Braunschweigs<\/li>\n\n\n\n<li>Creative Writing Workshop f\u00fcr Menschen mit Fluchterfahrung in Kooperation mit dem Cameo Magazin<\/li>\n<\/ul>\n\n\n\n<p><\/p>\n\n\n\n<blockquote class=\"wp-block-quote is-layout-flow wp-block-quote-is-layout-flow\">\n<p><\/p>\n<\/blockquote>\n\n\n\n<p><\/p>\n\n\n\n<blockquote class=\"wp-block-quote is-layout-flow wp-block-quote-is-layout-flow\">\n<p><\/p>\n<\/blockquote>\n\n\n\n<p><\/p>\n","protected":false},"excerpt":{"rendered":"<p>Deutschland ist ein Einwanderungsland und das nicht erst seit 1945. Der Anerkennung dieser Wirklichkeit seitens der Politik m\u00fcssen nun Ma\u00dfnahmen zur Gleichstellung von B\u00fcrger*innen unabh\u00e4ngig von Herkunft, Religion, Hautfarbe und sexueller Orientierung folgen. Das Zusammenleben von Menschen mit und ohne &hellip; <a href=\"https:\/\/www.kadirozdemir.de\/index.php\/sample-page\/\">Weiterlesen <span class=\"meta-nav\">&rarr;<\/span><\/a><\/p>\n","protected":false},"author":1,"featured_media":0,"parent":0,"menu_order":0,"comment_status":"closed","ping_status":"closed","template":"","meta":{"footnotes":""},"class_list":["post-2","page","type-page","status-publish","hentry"],"_links":{"self":[{"href":"https:\/\/www.kadirozdemir.de\/index.php\/wp-json\/wp\/v2\/pages\/2","targetHints":{"allow":["GET"]}}],"collection":[{"href":"https:\/\/www.kadirozdemir.de\/index.php\/wp-json\/wp\/v2\/pages"}],"about":[{"href":"https:\/\/www.kadirozdemir.de\/index.php\/wp-json\/wp\/v2\/types\/page"}],"author":[{"embeddable":true,"href":"https:\/\/www.kadirozdemir.de\/index.php\/wp-json\/wp\/v2\/users\/1"}],"replies":[{"embeddable":true,"href":"https:\/\/www.kadirozdemir.de\/index.php\/wp-json\/wp\/v2\/comments?post=2"}],"version-history":[{"count":38,"href":"https:\/\/www.kadirozdemir.de\/index.php\/wp-json\/wp\/v2\/pages\/2\/revisions"}],"predecessor-version":[{"id":225,"href":"https:\/\/www.kadirozdemir.de\/index.php\/wp-json\/wp\/v2\/pages\/2\/revisions\/225"}],"wp:attachment":[{"href":"https:\/\/www.kadirozdemir.de\/index.php\/wp-json\/wp\/v2\/media?parent=2"}],"curies":[{"name":"wp","href":"https:\/\/api.w.org\/{rel}","templated":true}]}}

<p>Deutschland ist ein Einwanderungsland und das nicht erst seit 1945. Der Anerkennung dieser Wirklichkeit seitens der Politik müssen nun Maßnahmen zur Gleichstellung von Bürger*innen unabhängig von Herkunft, Religion, Hautfarbe und sexueller Orientierung folgen. Das Zusammenleben von Menschen mit und ohne Migrationserbe braucht einen Rahmen, um über Unterschiede und Gemeinsamkeiten in Dialog zu kommen. Leider werden Debatten oft von einer emotionalen Polarisierung vereinnahmt und ein echter Dialog wird untergraben. Soziale Medien verstärken dieses Phänomen zusätzlich durch sogenannte eigene Bubbles, die wie unsichtbare Wände wirken. So verliert sich der Blick auf Mehrfachzugehörigkeiten und die besonderen Bedarfe, die sich aus Schnittmengen ergeben. Als Seminarleiter, Redner und Theatermacher stehe ich für verschiedene politische und kreative Veranstaltungsformate in den Feldern Antirassismus, LGBTQ*, Jugend- und Migrationsarbeit sowie in deren Verschränkungen zur Verfügung. Außerdem biete ich transkulturelle Trainings und Supervision an. Bei Interesse melden Sie sich unter kontakt@kadirozdemir.de.<br>Mögliche Themen können Sie meinen Referenzen entnehmen:</p>



<p><strong>WORKSHOPS</strong></p>



<ul class="wp-block-list">
<li> <em>Aufnahmepolitiken von LSBTIQ* Geflüchteten in Deutschland</em>  für den Bundesintegrationskongress der Friedrich-Ebert-Stiftung </li>



<li> <em>Gleich und doch anders? Mehrfachzugehörigkeiten und Mehrfachdiskriminierungen von Geflüchteten und MigrantInnen</em> für den Landespräventionsrat Niedersachsen </li>



<li><em>Queer Refugees – LSBTIQ*-Aspekte in der Jugendarbeit mit jungen Geflüchteten</em> für den Landesjugendring Niedersachsen</li>



<li><em>Awareness-Workshop zum Umgang mit Grenzüberschreitungen</em> für den evangelischen Stadtjugenddienst Hannover</li>



<li><em>Racism and double discrimination. Exploring intersections among racism and homophobia&#8220;</em> Experts Workshop im Rahmen der EuroGames 2019 in Rom</li>
</ul>



<p></p>



<p>  <strong>PODIUMSDISKUSSIONEN</strong> </p>



<ul class="wp-block-list">
<li><em>Under The European Asylum Rainbow -Intercetional Queer Challenges</em>, an der Goethe Universität Framkfurt am Main</li>



<li><em>Wir sind Viele und bleiben Viele</em> &#8211; Fachtag des Bundesverbandes Netzwerke von Migrantenorganisationen</li>



<li><em>Wirklich angekommen!?</em> Podiumsdiskussion zu (post-)migrantischen Perspektiven für das MiSO-Netzwerk</li>



<li><em>LSBT*IQ-Identitäten – Herausforderungen für die Jugendarbeit zwischen Stabilität und Wandel</em> für die Queere Jugendarbeit &#8211; Landesfachstelle Hessen</li>



<li><em>Antirassistische und LSBTI-sensible Arbeit mit jungen Geflüchteten</em> für das Informations- und Dokumentationszentrum für Antirassismusarbeit in NRW.  </li>
</ul>



<p></p>



<p>  <strong>VORTRÄGE</strong></p>



<ul class="wp-block-list">
<li>Keynote <em>LGBTIQ* issues in the context of migration and refugees</em> für die internationale Konferenz ELAINE 2, Migration &amp; Gender in Catoira, Spanien</li>



<li><em>Lebenswirklichkeit von LSBTTIQ* mit Einwanderungsgeschichte</em> für die Alevitische Gemeinde Deutschland</li>



<li><em>Antimuslimischer Rassismus &#8211; Folgen und Gegenstrategien</em> für den Landespräventionsrat Niedersachsen.</li>
</ul>



<p>  <strong>UNIVERSITÄRE LEHRAUFTRÄGE UND VORLESUNGEN</strong></p>



<ul class="wp-block-list">
<li><em>Grundlagen der Soziologie</em> im Auftrag des Niedersachsen Kollegs</li>



<li><em>Sexuelle Orientierung und geschlechtliche Vielfalt in der Arbeitswelt und Gesellschaft</em> im Auftrag der ZESS, Uni Göttingen</li>



<li><em>Von Integration zu Partizipation: theoretische Grundlegung</em> für die Evangelische Hochschule Darmstadt</li>
</ul>



<p>  <strong>FORTBILDUNGEN</strong> </p>



<ul class="wp-block-list">
<li><em>Gewaltschutz in den Flüchtlingsunterkünften</em> für Mitarbeitende der Landesaufnahmebehörden in Niedersachsen</li>



<li><em>Argumentationstraining gegen Rechtspopulismus</em> für das MiSO-Netzwerk</li>



<li><em>Einfluss von Social Media auf das Selbstbild von Jugendlichen</em> für das Jugendzentrum Elisenstraße in Hannover</li>



<li><em>Wie konzipiere ich eine Behördenfortbildung?</em> in Kooperation mit der Bundesstiftung Magnus Hirschfeld</li>
</ul>



<p>  <strong>BERATUNG UND SENSIBILISIERUNG </strong></p>



<ul class="wp-block-list">
<li><em>Trans* im Kontext von Flucht</em> für die Landesaufnahmebehörden in Niedersachsen  </li>



<li><em>Fragen und Bedarfe von Eltern und Angehörigen von LSBTIQ* mit Migrationserbe</em> und <em>Jugendliche mit Rassismuserfahrungen empowern</em> für die Türkische Gemeinde Niedersachsen</li>



<li><em>Rassismus- und machtkritische Arbeit in der Migrationsgesellschaft</em> für das Büro für Integration,Stadt Göttingen</li>
</ul>



<p>  <strong>KREATIVES SCHREIBEN </strong></p>



<ul class="wp-block-list">
<li>Mehrtätige Creative Writing Workshop für die Landesvereinigung Kulturelle Bildung e.V. in Berlin</li>



<li>Empowerment Schreibwerkstatt für queere Jugendliche of Color, Jugendbildungs- und Beratungseinrichtung Sunrise Dortmund</li>



<li>Klimagerechtigkeit aus BIPoC Perspektive, BIPoC Climate Conferenz / Kultur ohne Kohle Festival </li>



<li>Mehrgenerationales biographisches Schreiben für Onkel Emma, dem Queeren Zentrum Braunschweigs</li>



<li>Creative Writing Workshop für Menschen mit Fluchterfahrung in Kooperation mit dem Cameo Magazin</li>
</ul>



<p></p>



<blockquote class="wp-block-quote is-layout-flow wp-block-quote-is-layout-flow">
<p></p>
</blockquote>



<p></p>



<blockquote class="wp-block-quote is-layout-flow wp-block-quote-is-layout-flow">
<p></p>
</blockquote>



<p></p>

<p>Deutschland ist ein Einwanderungsland und das nicht erst seit 1945. Der Anerkennung dieser Wirklichkeit seitens der Politik müssen nun Maßnahmen zur Gleichstellung von Bürger*innen unabhängig von Herkunft, Religion, Hautfarbe und sexueller Orientierung folgen. Das Zusammenleben von Menschen mit und ohne &hellip; <a href="https://www.kadirozdemir.de/index.php/sample-page/">Weiterlesen <span class="meta-nav">&rarr;</span></a></p>
